is divided by 15 - 3/(-1 + 2).
11
Let t be 628/(-6)*105/(-70). Calculate the remainder when (-66)/110 + 2/(-5) + t is divided by 40.
36
Let q(p) = -5*p + 117. Let m be q(29). Let i = m + 30. Calculate the remainder when 5 is divided by i.
1
Let r = 105 - -18. Let j = r - 28. Suppose -3*o + o - 3*x + 53 = 0, 0 = -5*o + 5*x + j. What is the remainder when 43 is divided by o?
21
Let q(h) = h**3 + 16*h**2 + 11*h - 49. Let k be q(-15). Suppose -158 = k*j - 1016. Calculate the remainder when j is divided by 8.
6
Suppose 14 - 73 = -2*v + 3*r, -v + 23 = 5*r. Suppose 4*b = -5*q + 290, 3*q - 64 = 4*b - 402. Calculate the remainder when b is divided by v.
24
Calculate the remainder when ((-1 - 0) + -18)*(33 + -83 + 21) is divided by 93.
86
Suppose -48*t + 51009 = -27*t. What is the remainder when t is divided by 76?
73
Let w(z) = 65*z**2 - 12*z + 7. Let f(m) = 33*m**2 - 6*m + 4. Let b(q) = -7*f(q) + 4*w(q). Calculate the remainder when 65 is divided by b(1).
19
Let g(i) = -i + 1. Let u be g(-5). Let h(k) = k**3 - 27*k**2 - 91*k + 43. What is the remainder when 542/u + (-3)/9 is divided by h(30)?
12
Suppose -4*n = 4*u - 18 - 6, 0 = -4*n + 4*u - 8. Let g(o) = 13*o + 2. Let d = -37003 - -37058. Calculate the remainder when d is divided by g(n).
27
Suppose 26 = 5*c - 24. Let g(b) = -3 + 2*b**2 + 0 + 7*b + 3*b + 2. Calculate the remainder when g(-7) is divided by c.
7
Let a = -446 + 131. Let u = 327 + a. What is the remainder when u is divided by 88/12*3/2?
1
Suppose 11*p + 177 = 13*p - 3*b, -3*b = -21. What is the remainder when p is divided by 5?
4
Let o = -70 - -55. Let w(t) be the second derivative of -t**4/12 - 4*t**3 - 5*t**2 + 8*t. Calculate the remainder when w(o) is divided by 42.
41
Calculate the remainder when 2298 is divided by (2855/(-2))/((-10)/4).
14
Let k(t) = t - 1. Let c(i) = -36*i + 12. Let l(o) = -2*c(o) - 42*k(o). Let m be l(8). Suppose -6*d + 0*d + m = 0. What is the remainder when d is divided by 12?
7
Suppose -249*n + 1917893 = -276046. What is the remainder when n is divided by 98?
89
Suppose -118 = -4*s + 5*o, -3*o = -4*s - 6*o + 102. Suppose -5*a = -107 + s. Let u(f) = 2*f - 5. What is the remainder when a is divided by u(7)?
7
Let j(p) = 566*p**3 + 8*p**2 + 8*p - 12. What is the remainder when j(1) is divided by 200?
170
Suppose -143*o = -151*o - 1904. Let j = o + 241. What is the remainder when 40 is divided by j?
1
Suppose -19*v = 57*v - 41*v - 19845. What is the remainder when v is divided by 207?
153
Suppose 0 = 9*z + 2*z - 5*z - 5916. What is the remainder when z is divided by 49?
6
Let x = -1697 + 1702. Calculate the remainder when 187 is divided by x.
2
Let n = 4274 + -4108. What is the remainder when 385 is divided by n?
53
Let n be ((-4)/(-8))/((-2)/4). Let o(f) = 50*f**2 + f. Suppose -5*x + 5*g + 73 = g, g - 37 = -3*x. What is the remainder when o(n) is divided by x?
10
Let a be (-38)/1*52/(-104). Suppose a*s - 300 = 16*s. Calculate the remainder when s is divided by 32.
4
Let u be (-26)/(-6) + (-10)/(-6) + -2. Suppose 0 = u*x - 3*q - 180 - 14, -4*q = 4*x - 208. What is the remainder when x is divided by 28?
22
Suppose 0 = -4*x - 5*p + 237, 94*x - 97*x + 4*p + 201 = 0. Calculate the remainder when 251 is divided by x.
62
Calculate the remainder when 459 is divided by -14 + (-13330)/(-110) + (-1 - (-9)/11).
31
Suppose 2*k - k - 2*o + 3 = 0, -3*k = 3*o + 36. What is the remainder when 93 is divided by (-27)/(-18)*((-273)/k - 1)?
5
Calculate the remainder when 2925 is divided by (10 - -1)/(2/14).
76
Let r(n) = n**3 + 3*n**2 - 13*n - 13. Let k be r(-5). Suppose -3*g - w = -205, -2*g = -0*g + k*w - 134. Calculate the remainder when g is divided by 14.
13
Let f(l) = -35*l**3 + l**2 + 51*l + 51. Let q = -76 + 94. What is the remainder when f(-1) is divided by q?
0
Let u be (14/4)/((152/(-16))/19). Let f = 9 + u. Calculate the remainder when f is divided by 2.
0
Let p be ((-58)/8)/((-3)/12). Let r = 33 - p. Suppose -6 = 2*v, -r*v + 28 = 2*a - 4. Calculate the remainder when a is divided by 12.
10
Let c = 133 + -174. What is the remainder when 98 is divided by -4 - (c - (-21)/7)?
30
Let l = -42 + 47. Suppose 3*c + 2*c + 2*o = 90, c - l*o + 9 = 0. Let m = 30 + c. What is the remainder when m is divided by 17?
12
Suppose -80*v = 81872 - 259712. Calculate the remainder when v is divided by 42.
39
Calculate the remainder when (-812)/(-2233) + 4766/22 is divided by 113.
104
Let z = -1448 + 4524. What is the remainder when z is divided by 6?
4
Let a(s) = 5*s**3 + 6*s**2 - 17*s - 21. Let j be a(5). Suppose 4*r = 5*m - 0*m - j, -5*r = -2*m + 271. What is the remainder when m is divided by 27?
25
Let h = 8434 + -6896. Calculate the remainder when h is divided by 70.
68
Let s(z) = 5*z**2 + 3*z - 1. What is the remainder when (-25)/10*24*(-338)/156 is divided by s(-3)?
25
Let z = -1311 - -1357. Let v(w) = 30*w**2 - w - 2. Calculate the remainder when v(-3) is divided by z.
41
Suppose -71 = -359*i + 342*i + 99. Suppose 2*q + 3*v = 4*v + 148, 5*q = v + 376. Calculate the remainder when q is divided by i.
6
Suppose 3*y = -4*j + 7257, 3887*y = 3884*y - 2*j + 7263. Calculate the remainder when y is divided by 5.
3
Let k(r) = -17 + 29 - 3*r - 20. Let u be k(-5). Suppose -u*m + 105 + 56 = 0. What is the remainder when m is divided by 8?
7
Let g(m) = -m**3 + 18*m**2 - 15*m - 28. Let k = 97 - 80. Let p be g(k). Suppose p*v - 85 = 179. What is the remainder when 173 is divided by v?
41
Suppose 4*d + 44 = 76. Let h = -136 + 82. Let c = 84 + h. What is the remainder when c is divided by d?
6
Let x(f) = 2*f**2 - 30. Let u be x(-5). Calculate the remainder when 0 - (-2 + -46)/2 is divided by (72/u)/((-10)/(-25)).
6
Let r(v) = 2*v**2 - 30. Let b = 211 - 216. What is the remainder when 78 is divided by r(b)?
18
Let j(d) = 2*d**3 - 41*d**2 + 59*d - 4. What is the remainder when 185 is divided by j(19)?
15
Suppose 0 = 5*g + 39 - 264. Let u = g + -24. Suppose -18*k + 28*k = 600. Calculate the remainder when k is divided by u.
18
Suppose 36*k = 33*k + 3*i, -3*i + 9 = 0. Let s(t) = 3*t**3 - 8*t**2 + 12*t + 6. Calculate the remainder when 144 is divided by s(k).
42
Let a = 261 + -216. What is the remainder when 1124 is divided by a?
44
Let o = 30 + -27. Let m = o + 5. What is the remainder when 273/m - 11/88 is divided by 7?
6
Let a be ((-8)/18*3)/((-14)/(-21)). Let k(p) = -19*p**3 - 6*p**2 - 2*p - 4. Calculate the remainder when k(a) is divided by 39.
11
Let w be -3 - (-2 - 1) - (-2)/1. Suppose 4*s + 4 = 16, 2*b = w*s. Suppose b*v + 73 = 5*g, -v = -4*g + 4*v + 48. Calculate the remainder when 45 is divided by g.
11
Suppose -27 = -v - 3. What is the remainder when v is divided by (-1 + 2)/(50/45 - 1)?
6
Let h(z) = -75*z - 2878. Let b = 3 - 5. Let q = b - -6. What is the remainder when h(-39) is divided by q?
3
Let b(j) = j**2 - 3*j - 11. Let t be b(14). Suppose v - 157 = -t. What is the remainder when 94 is divided by v?
10
Let f(i) = -3*i + 5*i - i**3 + 7*i**2 + 7 + 4*i. Calculate the remainder when f(6) is divided by (3069/66 - 6)*2/3.
25
Calculate the remainder when 1011 is divided by -5 + -3*2496/(-72).
21
What is the remainder when 676 is divided by (-4)/(-138) - (-4071305)/6141?
13
Let d = 2928 + -2885. What is the remainder when d is divided by 14?
1
What is the remainder when 912 is divided by (-3)/66 - (-70077)/154?
2
Let m(h) = -h**3 + 24*h**2 + 31*h + 425. What is the remainder when m(24) is divided by 284?
33
Suppose 9 = 4*h - h. Suppose -h*k + 201 = 2*q + 3*q, -5*k - 4*q = -348. Suppose 0 = -l - 3*j + 3, -j - 1 = 3. What is the remainder when k is divided by l?
12
Let q = -30 + 34. Calculate the remainder when 13*2*q/8 is divided by 11.
2
Suppose 12*m = -7*m + 10*m + 207. Let i(v) = 3*v**2 - 3*v - 2. What is the remainder when i(-4) is divided by m?
12
Suppose 0 = 3*k + q - 10, 3*k - q = 4*q - 14. Suppose 78 = k*j + 2*n, -2*n = -5*j - 0*n + 216. What is the remainder when 209 is divided by j?
41
Let q = 73 - 37. Suppose 11414 = 113*h - 31*h + 2804. Calculate the remainder when h is divided by q.
33
Suppose 0 = 17*n - 14*n - 4*k - 45, 5*n - k = 92. What is the remainder when 205 is divided by n?
15
Let l(i) = -36*i - 1. Suppose -1171 - 299 = -49*n. Calculate the remainder when l(-5) is divided by n.
29
Suppose 2*r + 2*n - 98 = 0, 89*r - 87*r - 10